{"id":20749,"date":"2023-02-12T11:07:56","date_gmt":"2023-02-12T10:07:56","guid":{"rendered":"https:\/\/essenzediluce.com\/?post_type=work&#038;p=20749"},"modified":"2025-03-04T12:06:52","modified_gmt":"2025-03-04T11:06:52","slug":"private-villa-ferrara","status":"publish","type":"work","link":"https:\/\/essenzediluce.com\/fr\/realisation\/private-villa-ferrara\/","title":{"rendered":"Private Villa Ferrara"},"content":{"rendered":"<div class=\"wpb-content-wrapper\">[vc_row][vc_column][vc_column_text]\r\n<h2 style=\"text-align: center;\">La musique de Menhir Sound divertit les invit\u00e9s lors des soir\u00e9es d&#8217;\u00e9t\u00e9 \u00e0 Ferrare<\/h2>\r\n[\/vc_column_text][\/vc_column][\/vc_row][vc_row][vc_column][vc_empty_space height=&#8221;20&#8243;][\/vc_column][\/vc_row][vc_row][vc_column width=&#8221;1\/4&#8243;][vc_column_text]<strong>PROJET<\/strong>: Essenze di Luce[\/vc_column_text][\/vc_column][vc_column width=&#8221;1\/4&#8243;][vc_column_text]<strong>PRODOTTI<\/strong>: <a href=\"https:\/\/essenzediluce.com\/fr\/produits\/eclairage-exterieur-menhir-di-luce\/\" target=\"_blank\" rel=\"noopener\">Menhir di Luce Soft<\/a>, <a href=\"https:\/\/essenzediluce.com\/fr\/produits\/enceinte-exterieur-menhir-sound\/\" target=\"_blank\" rel=\"noopener\">Menhir Sound e Minimal Sound<\/a>[\/vc_column_text][\/vc_column][vc_column width=&#8221;1\/4&#8243;][vc_column_text]<strong>TEXTURE<\/strong>: <a href=\"https:\/\/essenzediluce.com\/fr\/texture\/\" target=\"_blank\" rel=\"noopener\">Italian Flowery Gray, Travertino<\/a>[\/vc_column_text][\/vc_column][vc_column width=&#8221;1\/4&#8243;][vc_column_text]<strong>CREDITS<\/strong>: Luca Defant Photographer[\/vc_column_text][\/vc_column][\/vc_row][vc_row][vc_column][vc_empty_space height=&#8221;20&#8243;][\/vc_column][\/vc_row]<\/div>","protected":false},"excerpt":{"rendered":"<p>[vc_row][vc_column][vc_column_text] La musique de Menhir Sound divertit les invit\u00e9s lors des soir\u00e9es d&#8217;\u00e9t\u00e9 \u00e0 Ferrare [\/vc_column_text][\/vc_column][\/vc_row][vc_row][vc_column][vc_empty_space height=&#8221;20&#8243;][\/vc_column][\/vc_row][vc_row][vc_column width=&#8221;1\/4&#8243;][vc_column_text]PROJET: Essenze di Luce[\/vc_column_text][\/vc_column][vc_column width=&#8221;1\/4&#8243;][vc_column_text]PRODOTTI: Menhir di Luce Soft, Menhir Sound e Minimal Sound[\/vc_column_text][\/vc_column][vc_column width=&#8221;1\/4&#8243;][vc_column_text]TEXTURE: Italian Flowery Gray, Travertino[\/vc_column_text][\/vc_column][vc_column width=&#8221;1\/4&#8243;][vc_column_text]CREDITS: Luca Defant Photographer[\/vc_column_text][\/vc_column][\/vc_row][vc_row][vc_column][vc_empty_space&hellip;<\/p>\n<p> <a class=\"more-link\" href=\"https:\/\/essenzediluce.com\/fr\/realisation\/private-villa-ferrara\/\">Lire la suite<\/a><\/p>\n","protected":false},"featured_media":20704,"comment_status":"closed","ping_status":"closed","template":"","work_genre":[182],"class_list":{"0":"post-20749","1":"work","2":"type-work","3":"status-publish","4":"has-post-thumbnail","6":"work_genre-realisation"},"yoast_head":"<!-- This site is optimized with the Yoast SEO plugin v24.5 - https:\/\/yoast.com\/wordpress\/plugins\/seo\/ -->\n<title>Private Villa Ferrara - Essenze di Luce<\/title>\n<meta name=\"description\" content=\"D\u00e9couvrez nos r\u00e9alisations les plus exclusives et laissez-vous inspirer par la galerie de photos de Ferrara, Italie.\" \/>\n<meta name=\"robots\" content=\"index, follow, max-snippet:-1, max-image-preview:large, max-video-preview:-1\" \/>\n<link rel=\"canonical\" href=\"https:\/\/essenzediluce.com\/fr\/realisation\/private-villa-ferrara\/\" \/>\n<meta property=\"og:locale\" content=\"fr_FR\" \/>\n<meta property=\"og:type\" content=\"article\" \/>\n<meta property=\"og:title\" content=\"Private Villa Ferrara - Essenze di Luce\" \/>\n<meta property=\"og:description\" content=\"D\u00e9couvrez nos r\u00e9alisations les plus exclusives et laissez-vous inspirer par la galerie de photos de Ferrara, Italie.\" \/>\n<meta property=\"og:url\" content=\"https:\/\/essenzediluce.com\/fr\/realisation\/private-villa-ferrara\/\" \/>\n<meta property=\"og:site_name\" content=\"Essenze di Luce\" \/>\n<meta property=\"article:publisher\" content=\"https:\/\/www.facebook.com\/essenzediluce.italy\/\" \/>\n<meta property=\"article:modified_time\" content=\"2025-03-04T11:06:52+00:00\" \/>\n<meta property=\"og:image\" content=\"https:\/\/essenzediluce.com\/wp-content\/uploads\/2024\/11\/Menhir-Minimal-Sound-Ferrara-night.jpg\" \/>\n\t<meta property=\"og:image:width\" content=\"1701\" \/>\n\t<meta property=\"og:image:height\" content=\"1134\" \/>\n\t<meta property=\"og:image:type\" content=\"image\/jpeg\" \/>\n<meta name=\"twitter:card\" content=\"summary_large_image\" \/>\n<meta name=\"twitter:label1\" content=\"Dur\u00e9e de lecture estim\u00e9e\" \/>\n\t<meta name=\"twitter:data1\" content=\"1 minute\" \/>\n<script type=\"application\/ld+json\" class=\"yoast-schema-graph\">{\"@context\":\"https:\/\/schema.org\",\"@graph\":[{\"@type\":\"WebPage\",\"@id\":\"https:\/\/essenzediluce.com\/fr\/realisation\/private-villa-ferrara\/\",\"url\":\"https:\/\/essenzediluce.com\/fr\/realisation\/private-villa-ferrara\/\",\"name\":\"Private Villa Ferrara - Essenze di Luce\",\"isPartOf\":{\"@id\":\"https:\/\/essenzediluce.com\/#website\"},\"primaryImageOfPage\":{\"@id\":\"https:\/\/essenzediluce.com\/fr\/realisation\/private-villa-ferrara\/#primaryimage\"},\"image\":{\"@id\":\"https:\/\/essenzediluce.com\/fr\/realisation\/private-villa-ferrara\/#primaryimage\"},\"thumbnailUrl\":\"https:\/\/essenzediluce.com\/wp-content\/uploads\/2024\/11\/Menhir-Minimal-Sound-Ferrara-night.jpg\",\"datePublished\":\"2023-02-12T10:07:56+00:00\",\"dateModified\":\"2025-03-04T11:06:52+00:00\",\"description\":\"D\u00e9couvrez nos r\u00e9alisations les plus exclusives et laissez-vous inspirer par la galerie de photos de Ferrara, Italie.\",\"breadcrumb\":{\"@id\":\"https:\/\/essenzediluce.com\/fr\/realisation\/private-villa-ferrara\/#breadcrumb\"},\"inLanguage\":\"fr-FR\",\"potentialAction\":[{\"@type\":\"ReadAction\",\"target\":[\"https:\/\/essenzediluce.com\/fr\/realisation\/private-villa-ferrara\/\"]}]},{\"@type\":\"ImageObject\",\"inLanguage\":\"fr-FR\",\"@id\":\"https:\/\/essenzediluce.com\/fr\/realisation\/private-villa-ferrara\/#primaryimage\",\"url\":\"https:\/\/essenzediluce.com\/wp-content\/uploads\/2024\/11\/Menhir-Minimal-Sound-Ferrara-night.jpg\",\"contentUrl\":\"https:\/\/essenzediluce.com\/wp-content\/uploads\/2024\/11\/Menhir-Minimal-Sound-Ferrara-night.jpg\",\"width\":1701,\"height\":1134},{\"@type\":\"BreadcrumbList\",\"@id\":\"https:\/\/essenzediluce.com\/fr\/realisation\/private-villa-ferrara\/#breadcrumb\",\"itemListElement\":[{\"@type\":\"ListItem\",\"position\":1,\"name\":\"Home\",\"item\":\"https:\/\/essenzediluce.com\/fr\/\"},{\"@type\":\"ListItem\",\"position\":2,\"name\":\"Private Villa Ferrara\"}]},{\"@type\":\"WebSite\",\"@id\":\"https:\/\/essenzediluce.com\/#website\",\"url\":\"https:\/\/essenzediluce.com\/\",\"name\":\"Essenze di Luce\",\"description\":\"\",\"publisher\":{\"@id\":\"https:\/\/essenzediluce.com\/#organization\"},\"potentialAction\":[{\"@type\":\"SearchAction\",\"target\":{\"@type\":\"EntryPoint\",\"urlTemplate\":\"https:\/\/essenzediluce.com\/?s={search_term_string}\"},\"query-input\":{\"@type\":\"PropertyValueSpecification\",\"valueRequired\":true,\"valueName\":\"search_term_string\"}}],\"inLanguage\":\"fr-FR\"},{\"@type\":\"Organization\",\"@id\":\"https:\/\/essenzediluce.com\/#organization\",\"name\":\"Essenze di Luce\",\"url\":\"https:\/\/essenzediluce.com\/\",\"logo\":{\"@type\":\"ImageObject\",\"inLanguage\":\"fr-FR\",\"@id\":\"https:\/\/essenzediluce.com\/#\/schema\/logo\/image\/\",\"url\":\"https:\/\/essenzediluce.com\/wp-content\/uploads\/2017\/03\/el.jpg\",\"contentUrl\":\"https:\/\/essenzediluce.com\/wp-content\/uploads\/2017\/03\/el.jpg\",\"width\":512,\"height\":512,\"caption\":\"Essenze di Luce\"},\"image\":{\"@id\":\"https:\/\/essenzediluce.com\/#\/schema\/logo\/image\/\"},\"sameAs\":[\"https:\/\/www.facebook.com\/essenzediluce.italy\/\",\"https:\/\/www.instagram.com\/essenzediluce\/\",\"https:\/\/www.youtube.com\/channel\/UCXKJKPfUYADaJMEm_9NAvrA\"]}]}<\/script>\n<!-- \/ Yoast SEO plugin. -->","yoast_head_json":{"title":"Private Villa Ferrara - Essenze di Luce","description":"D\u00e9couvrez nos r\u00e9alisations les plus exclusives et laissez-vous inspirer par la galerie de photos de Ferrara, Italie.","robots":{"index":"index","follow":"follow","max-snippet":"max-snippet:-1","max-image-preview":"max-image-preview:large","max-video-preview":"max-video-preview:-1"},"canonical":"https:\/\/essenzediluce.com\/fr\/realisation\/private-villa-ferrara\/","og_locale":"fr_FR","og_type":"article","og_title":"Private Villa Ferrara - Essenze di Luce","og_description":"D\u00e9couvrez nos r\u00e9alisations les plus exclusives et laissez-vous inspirer par la galerie de photos de Ferrara, Italie.","og_url":"https:\/\/essenzediluce.com\/fr\/realisation\/private-villa-ferrara\/","og_site_name":"Essenze di Luce","article_publisher":"https:\/\/www.facebook.com\/essenzediluce.italy\/","article_modified_time":"2025-03-04T11:06:52+00:00","og_image":[{"width":1701,"height":1134,"url":"https:\/\/essenzediluce.com\/wp-content\/uploads\/2024\/11\/Menhir-Minimal-Sound-Ferrara-night.jpg","type":"image\/jpeg"}],"twitter_card":"summary_large_image","twitter_misc":{"Dur\u00e9e de lecture estim\u00e9e":"1 minute"},"schema":{"@context":"https:\/\/schema.org","@graph":[{"@type":"WebPage","@id":"https:\/\/essenzediluce.com\/fr\/realisation\/private-villa-ferrara\/","url":"https:\/\/essenzediluce.com\/fr\/realisation\/private-villa-ferrara\/","name":"Private Villa Ferrara - Essenze di Luce","isPartOf":{"@id":"https:\/\/essenzediluce.com\/#website"},"primaryImageOfPage":{"@id":"https:\/\/essenzediluce.com\/fr\/realisation\/private-villa-ferrara\/#primaryimage"},"image":{"@id":"https:\/\/essenzediluce.com\/fr\/realisation\/private-villa-ferrara\/#primaryimage"},"thumbnailUrl":"https:\/\/essenzediluce.com\/wp-content\/uploads\/2024\/11\/Menhir-Minimal-Sound-Ferrara-night.jpg","datePublished":"2023-02-12T10:07:56+00:00","dateModified":"2025-03-04T11:06:52+00:00","description":"D\u00e9couvrez nos r\u00e9alisations les plus exclusives et laissez-vous inspirer par la galerie de photos de Ferrara, Italie.","breadcrumb":{"@id":"https:\/\/essenzediluce.com\/fr\/realisation\/private-villa-ferrara\/#breadcrumb"},"inLanguage":"fr-FR","potentialAction":[{"@type":"ReadAction","target":["https:\/\/essenzediluce.com\/fr\/realisation\/private-villa-ferrara\/"]}]},{"@type":"ImageObject","inLanguage":"fr-FR","@id":"https:\/\/essenzediluce.com\/fr\/realisation\/private-villa-ferrara\/#primaryimage","url":"https:\/\/essenzediluce.com\/wp-content\/uploads\/2024\/11\/Menhir-Minimal-Sound-Ferrara-night.jpg","contentUrl":"https:\/\/essenzediluce.com\/wp-content\/uploads\/2024\/11\/Menhir-Minimal-Sound-Ferrara-night.jpg","width":1701,"height":1134},{"@type":"BreadcrumbList","@id":"https:\/\/essenzediluce.com\/fr\/realisation\/private-villa-ferrara\/#breadcrumb","itemListElement":[{"@type":"ListItem","position":1,"name":"Home","item":"https:\/\/essenzediluce.com\/fr\/"},{"@type":"ListItem","position":2,"name":"Private Villa Ferrara"}]},{"@type":"WebSite","@id":"https:\/\/essenzediluce.com\/#website","url":"https:\/\/essenzediluce.com\/","name":"Essenze di Luce","description":"","publisher":{"@id":"https:\/\/essenzediluce.com\/#organization"},"potentialAction":[{"@type":"SearchAction","target":{"@type":"EntryPoint","urlTemplate":"https:\/\/essenzediluce.com\/?s={search_term_string}"},"query-input":{"@type":"PropertyValueSpecification","valueRequired":true,"valueName":"search_term_string"}}],"inLanguage":"fr-FR"},{"@type":"Organization","@id":"https:\/\/essenzediluce.com\/#organization","name":"Essenze di Luce","url":"https:\/\/essenzediluce.com\/","logo":{"@type":"ImageObject","inLanguage":"fr-FR","@id":"https:\/\/essenzediluce.com\/#\/schema\/logo\/image\/","url":"https:\/\/essenzediluce.com\/wp-content\/uploads\/2017\/03\/el.jpg","contentUrl":"https:\/\/essenzediluce.com\/wp-content\/uploads\/2017\/03\/el.jpg","width":512,"height":512,"caption":"Essenze di Luce"},"image":{"@id":"https:\/\/essenzediluce.com\/#\/schema\/logo\/image\/"},"sameAs":["https:\/\/www.facebook.com\/essenzediluce.italy\/","https:\/\/www.instagram.com\/essenzediluce\/","https:\/\/www.youtube.com\/channel\/UCXKJKPfUYADaJMEm_9NAvrA"]}]}},"_links":{"self":[{"href":"https:\/\/essenzediluce.com\/fr\/wp-json\/wp\/v2\/work\/20749"}],"collection":[{"href":"https:\/\/essenzediluce.com\/fr\/wp-json\/wp\/v2\/work"}],"about":[{"href":"https:\/\/essenzediluce.com\/fr\/wp-json\/wp\/v2\/types\/work"}],"replies":[{"embeddable":true,"href":"https:\/\/essenzediluce.com\/fr\/wp-json\/wp\/v2\/comments?post=20749"}],"wp:featuredmedia":[{"embeddable":true,"href":"https:\/\/essenzediluce.com\/fr\/wp-json\/wp\/v2\/media\/20704"}],"wp:attachment":[{"href":"https:\/\/essenzediluce.com\/fr\/wp-json\/wp\/v2\/media?parent=20749"}],"wp:term":[{"taxonomy":"work_genre","embeddable":true,"href":"https:\/\/essenzediluce.com\/fr\/wp-json\/wp\/v2\/work_genre?post=20749"}],"curies":[{"name":"wp","href":"https:\/\/api.w.org\/{rel}","templated":true}]}}

<div class="wpb-content-wrapper">[vc_row][vc_column][vc_column_text]
<h2 style="text-align: center;">La musique de Menhir Sound divertit les invités lors des soirées d&#8217;été à Ferrare</h2>
[/vc_column_text][/vc_column][/vc_row][vc_row][vc_column][vc_empty_space height=&#8221;20&#8243;][/vc_column][/vc_row][vc_row][vc_column width=&#8221;1/4&#8243;][vc_column_text]<strong>PROJET</strong>: Essenze di Luce[/vc_column_text][/vc_column][vc_column width=&#8221;1/4&#8243;][vc_column_text]<strong>PRODOTTI</strong>: <a href="https://essenzediluce.com/fr/produits/eclairage-exterieur-menhir-di-luce/" target="_blank" rel="noopener">Menhir di Luce Soft</a>, <a href="https://essenzediluce.com/fr/produits/enceinte-exterieur-menhir-sound/" target="_blank" rel="noopener">Menhir Sound e Minimal Sound</a>[/vc_column_text][/vc_column][vc_column width=&#8221;1/4&#8243;][vc_column_text]<strong>TEXTURE</strong>: <a href="https://essenzediluce.com/fr/texture/" target="_blank" rel="noopener">Italian Flowery Gray, Travertino</a>[/vc_column_text][/vc_column][vc_column width=&#8221;1/4&#8243;][vc_column_text]<strong>CREDITS</strong>: Luca Defant Photographer[/vc_column_text][/vc_column][/vc_row][vc_row][vc_column][vc_empty_space height=&#8221;20&#8243;][/vc_column][/vc_row]</div>

<p>[vc_row][vc_column][vc_column_text] La musique de Menhir Sound divertit les invités lors des soirées d&#8217;été à Ferrare [/vc_column_text][/vc_column][/vc_row][vc_row][vc_column][vc_empty_space height=&#8221;20&#8243;][/vc_column][/vc_row][vc_row][vc_column width=&#8221;1/4&#8243;][vc_column_text]PROJET: Essenze di Luce[/vc_column_text][/vc_column][vc_column width=&#8221;1/4&#8243;][vc_column_text]PRODOTTI: Menhir di Luce Soft, Menhir Sound e Minimal Sound[/vc_column_text][/vc_column][vc_column width=&#8221;1/4&#8243;][vc_column_text]TEXTURE: Italian Flowery Gray, Travertino[/vc_column_text][/vc_column][vc_column width=&#8221;1/4&#8243;][vc_column_text]CREDITS: Luca Defant Photographer[/vc_column_text][/vc_column][/vc_row][vc_row][vc_column][vc_empty_space&hellip;</p>
<p> <a class="more-link" href="https://essenzediluce.com/fr/realisation/private-villa-ferrara/">Lire la suite</a></p>

<!-- This site is optimized with the Yoast SEO plugin v24.5 - https://yoast.com/wordpress/plugins/seo/ -->
<title>Private Villa Ferrara - Essenze di Luce</title>
<meta name="description" content="Découvrez nos réalisations les plus exclusives et laissez-vous inspirer par la galerie de photos de Ferrara, Italie." />
<meta name="robots" content="index, follow, max-snippet:-1, max-image-preview:large, max-video-preview:-1" />
<link rel="canonical" href="https://essenzediluce.com/fr/realisation/private-villa-ferrara/" />
<meta property="og:locale" content="fr_FR" />
<meta property="og:type" content="article" />
<meta property="og:title" content="Private Villa Ferrara - Essenze di Luce" />
<meta property="og:description" content="Découvrez nos réalisations les plus exclusives et laissez-vous inspirer par la galerie de photos de Ferrara, Italie." />
<meta property="og:url" content="https://essenzediluce.com/fr/realisation/private-villa-ferrara/" />
<meta property="og:site_name" content="Essenze di Luce" />
<meta property="article:publisher" content="https://www.facebook.com/essenzediluce.italy/" />
<meta property="article:modified_time" content="2025-03-04T11:06:52+00:00" />
<meta property="og:image" content="https://essenzediluce.com/wp-content/uploads/2024/11/Menhir-Minimal-Sound-Ferrara-night.jpg" />
	<meta property="og:image:width" content="1701" />
	<meta property="og:image:height" content="1134" />
	<meta property="og:image:type" content="image/jpeg" />
<meta name="twitter:card" content="summary_large_image" />
<meta name="twitter:label1" content="Durée de lecture estimée" />
	<meta name="twitter:data1" content="1 minute" />
<script type="application/ld+json" class="yoast-schema-graph">{"@context":"https://schema.org","@graph":[{"@type":"WebPage","@id":"https://essenzediluce.com/fr/realisation/private-villa-ferrara/","url":"https://essenzediluce.com/fr/realisation/private-villa-ferrara/","name":"Private Villa Ferrara - Essenze di Luce","isPartOf":{"@id":"https://essenzediluce.com/#website"},"primaryImageOfPage":{"@id":"https://essenzediluce.com/fr/realisation/private-villa-ferrara/#primaryimage"},"image":{"@id":"https://essenzediluce.com/fr/realisation/private-villa-ferrara/#primaryimage"},"thumbnailUrl":"https://essenzediluce.com/wp-content/uploads/2024/11/Menhir-Minimal-Sound-Ferrara-night.jpg","datePublished":"2023-02-12T10:07:56+00:00","dateModified":"2025-03-04T11:06:52+00:00","description":"Découvrez nos réalisations les plus exclusives et laissez-vous inspirer par la galerie de photos de Ferrara, Italie.","breadcrumb":{"@id":"https://essenzediluce.com/fr/realisation/private-villa-ferrara/#breadcrumb"},"inLanguage":"fr-FR","potentialAction":[{"@type":"ReadAction","target":["https://essenzediluce.com/fr/realisation/private-villa-ferrara/"]}]},{"@type":"ImageObject","inLanguage":"fr-FR","@id":"https://essenzediluce.com/fr/realisation/private-villa-ferrara/#primaryimage","url":"https://essenzediluce.com/wp-content/uploads/2024/11/Menhir-Minimal-Sound-Ferrara-night.jpg","contentUrl":"https://essenzediluce.com/wp-content/uploads/2024/11/Menhir-Minimal-Sound-Ferrara-night.jpg","width":1701,"height":1134},{"@type":"BreadcrumbList","@id":"https://essenzediluce.com/fr/realisation/private-villa-ferrara/#breadcrumb","itemListElement":[{"@type":"ListItem","position":1,"name":"Home","item":"https://essenzediluce.com/fr/"},{"@type":"ListItem","position":2,"name":"Private Villa Ferrara"}]},{"@type":"WebSite","@id":"https://essenzediluce.com/#website","url":"https://essenzediluce.com/","name":"Essenze di Luce","description":"","publisher":{"@id":"https://essenzediluce.com/#organization"},"potentialAction":[{"@type":"SearchAction","target":{"@type":"EntryPoint","urlTemplate":"https://essenzediluce.com/?s={search_term_string}"},"query-input":{"@type":"PropertyValueSpecification","valueRequired":true,"valueName":"search_term_string"}}],"inLanguage":"fr-FR"},{"@type":"Organization","@id":"https://essenzediluce.com/#organization","name":"Essenze di Luce","url":"https://essenzediluce.com/","logo":{"@type":"ImageObject","inLanguage":"fr-FR","@id":"https://essenzediluce.com/#/schema/logo/image/","url":"https://essenzediluce.com/wp-content/uploads/2017/03/el.jpg","contentUrl":"https://essenzediluce.com/wp-content/uploads/2017/03/el.jpg","width":512,"height":512,"caption":"Essenze di Luce"},"image":{"@id":"https://essenzediluce.com/#/schema/logo/image/"},"sameAs":["https://www.facebook.com/essenzediluce.italy/","https://www.instagram.com/essenzediluce/","https://www.youtube.com/channel/UCXKJKPfUYADaJMEm_9NAvrA"]}]}</script>
<!-- / Yoast SEO plugin. -->

Découvrez nos réalisations les plus exclusives et laissez-vous inspirer par la galerie de photos de Ferrara, Italie.
